 is y(45)?
-4
Let u(c) = -c**2 + 3*c + 2. Determine u(5).
-8
Let i(j) = -j**2 + 23*j + 24. Determine i(24).
0
Let f(v) = v**2 - 6*v - 9. Calculate f(5).
-14
Let r(f) = f**2 + 9*f - 63. Determine r(5).
7
Let t(x) = 3*x - 12. Calculate t(4).
0
Let f(t) = 6*t - 4. Calculate f(-3).
-22
Let f(k) = -k**3 + 13*k**2 - 18*k - 43. Calculate f(11).
1
Let l(h) = -h**2 + h + 1. Calculate l(0).
1
Let y(w) = w**2 - 10*w + 1. What is y(4)?
-23
Let f(m) = -3*m + 7. Calculate f(4).
-5
Let r(n) = -4*n - 23. What is r(-4)?
-7
Let t(n) = n**2 - 8*n - 23. What is t(-2)?
-3
Let v(k) = 8*k - 14. Determine v(2).
2
Let b(h) = -3*h**2 + 34*h + 15. Determine b(12).
-9
Let t(r) = r**2 - 4. Determine t(2).
0
Let y(g) = g**3 - 8*g**2 + 7*g - 6. Calculate y(7).
-6
Let h(g) = -g**3 + 6*g**2 - 4*g + 13. What is h(6)?
-11
Let p(k) = k**3 - 6*k**2 + 3*k. Determine p(5).
-10
Let x(f) = -f**3 + 6*f**2 + 5*f - 7. Determine x(6).
23
Let i(n) = -2*n**2 + 11*n + 6. Determine i(6).
0
Let x(k) = 4*k - 123. What is x(30)?
-3
Let n(v) = -7*v + 2. Determine n(-1).
9
Let m(a) = -5*a**2 - 3*a - 1. Determine m(-2).
-15
Let n(g) = -g**3 - 15*g**2 - 3. Give n(-15).
-3
Let n(l) = -6*l**2 + 75*l - 46. Calculate n(12).
-10
Let u(w) = w**3 - 5*w**2 - 3*w - 2. Determine u(6).
16
Let l(q) = 5*q + 12. Give l(-6).
-18
Let u(a) = a**3 + 8*a**2 - 22*a - 9. Give u(-10).
11
Let o(a) = a**2 + 16*a - 26. Calculate o(-17).
-9
Let q(o) = 8*o + 23. Determine q(-7).
-33
Let h(m) = 16*m**3 - 2*m**2 - 2*m - 1. What is h(-1)?
-17
Let w(d) = d - 4. What is w(-4)?
-8
Let m(i) = -7*i**2 + 4*i + 5. Give m(-1).
-6
Let p(d) = -54*d**2 + 3*d + 1. Determine p(-1).
-56
Let u(v) = v**2 - v - 1. What is u(4)?
11
Let w(o) = o + 27. Determine w(-14).
13
Let u(t) = -9*t - 14. What is u(-6)?
40
Let y(j) = -j**3 + 3*j**2 + 2*j - 1. What is y(3)?
5
Let m(x) = -2*x**3 + 21*x**2 + 9*x + 23. What is m(11)?
1
Let s(l) = -l**3 + 4*l**2 + 5. What is s(5)?
-20
Let v(m) = 3*m + 22. Give v(-7).
1
Let n(a) = -2*a + 28. What is n(7)?
14
Let p(g) = -g**3 + 9*g**2 + g + 1. What is p(9)?
10
Let f(y) = -32*y + 195. What is f(6)?
3
Let w(y) = -4*y**2 + 9*y - 16. Give w(4).
-44
Let q(j) = j**2 - 18*j - 2. What is q(0)?
-2
Let o(a) = -8*a - 57. Determine o(0).
-57
Let a(v) = -v**2 - 7*v - 2. Determine a(-7).
-2
Let a(b) = -2*b**2 - 33*b - 9. Determine a(-16).
7
Let m(c) = -4*c + 2. Calculate m(4).
-14
Let c(i) = i**2 - 14*i + 8. Calculate c(13).
-5
Let y(u) = -3*u - 11. Give y(-10).
19
Let y(w) = -w**3 + 6*w**2 + 8*w - 19. Calculate y(8).
-83
Let d(l) = -l**3 - 27*l**2 - 50*l - 10. Determine d(-25).
-10
Let s(p) = -3*p + 23. Calculate s(13).
-16
Let c(u) = 3*u**3 + 5*u**2 + 6*u. Determine c(-2).
-16
Let a(g) = 4*g**2 + 2*g. Give a(-3).
30
Let c(r) = r**3 - 14*r**2 + 2*r - 15. Calculate c(14).
13
Let s(x) = x**3 + 8*x**2 + x + 5. What is s(-8)?
-3
Let m(u) = -6*u**2 - 4*u + 3. What is m(2)?
-29
Let z(k) = 2*k + 19. Determine z(-7).
5
Let b(s) = -2*s**2 + 12*s - 13. What is b(4)?
3
Let x(y) = 2*y**2 - 6*y - 12. What is x(5)?
8
Let a(h) = 7*h**2. What is a(1)?
7
Let c(b) = b**2 - 5. Give c(5).
20
Let x(q) = -q**2 - 5*q - 7. What is x(-8)?
-31
Let y(h) = 30*h + 4. Determine y(2).
64
Let v(k) = -k**2 + 2*k + 9. Give v(5).
-6
Let y(n) = 8*n**2 - n - 1. Determine y(2).
29
Let h(g) = -16*g - 449. What is h(-28)?
-1
Let n(t) = -2*t**2 - 7*t - 32. What is n(0)?
-32
Let y(c) = -c**3 + 7*c**2 - 9*c + 15. Give y(6).
-3
Let j(n) = n**2 - 19*n + 3. Determine j(17).
-31
Let g(y) = -2*y**2 + 17*y - 4. Give g(8).
4
Let d(i) = -i**3 - 14*i**2 - 14*i - 21. What is d(-13)?
-8
Let f(y) = y**3 - 11*y**2 - 2*y + 25. Give f(11).
3
Let p(d) = 2*d + 16. Give p(-10).
-4
Let d(k) = 6*k**2 - k + 1. Calculate d(1).
6
Let k(z) = 13*z + 35. Calculate k(-4).
-17
Let p(o) = -9*o**2 - 3*o - 4. What is p(-1)?
-10
Let d(t) = t**2 + 20*t + 4. Determine d(-17).
-47
Let i(b) = 2*b**2 + 18*b + 27. Give i(-6).
-9
Let n(i) = -19*i + 160. Determine n(7).
27
Let v(i) = -3*i - 13. Calculate v(-4).
-1
Let r(u) = u**3 + u**2 - 57. What is r(0)?
-57
Let s(l) = -l**3 - 5*l**2 - 5*l - 4. What is s(-3)?
-7
Let h(p) = -p**3 + 15*p**2 - 15. What is h(15)?
-15
Let q(r) = -r**3 - 42*r**2 + 45*r + 78. What is q(-43)?
-8
Let h(j) = j - 23. Calculate h(9).
-14
Let z(q) = 2*q**2 - 3*q - 10. What is z(-3)?
17
Let n(k) = k**3 - k**2 - k + 11. Calculate n(0).
11
Let n(l) = -17*l + 141. Determine n(5).
56
Let l(q) = -q**2 - 13*q + 58. Determine l(5).
-32
Let z(d) = 3*d**2 - 4*d - 3. Calculate z(4).
29
Let f(v) = -3*v + 10. Determine f(3).
1
Let g(n) = -6*n - 41. Calculate g(-8).
7
Let b(q) = 5*q + 122. Give b(-28).
-18
Let r(u) = u**3 - 3*u - 3. Calculate r(-4).
-55
Let y(k) = -3*k**3 + k**2 + 6*k - 14. Determine y(3).
-68
Let h(m) = -m - 5. What is h(0)?
-5
Let h(q) = 5*q + 40. Give h(-7).
5
Let d(k) = k**3 - 6*k**2 + 10*k - 16. Calculate d(5).
9
Let r(c) = -9*c. Determine r(1).
-9
Let g(f) = -f**2 + 49*f - 93. Give g(47).
1
Let k(w) = w**2 - 14*w + 6. Determine k(14).
6
Let z(t) = 4*t + 66. Give z(-17).
-2
Let j(x) = 2*x**2 + 6*x + 5. What is j(-2)?
1
Let v(m) = 4*m - 8. Determine v(-4).
-24
Let n(b) = -2*b**3 + 17*b**2 - 8*b - 12. What is n(8)?
-12
Let p(r) = r**2 + 16*r + 12. Give p(-11).
-43
Let z(m) = m**2 + 5*m - 4. What is z(-6)?
2
Let b(z) = -z**2 - 8*z - 12. Determine b(-5).
3
Let c(a) = a**2 + 2*a + 20. Calculate c(0).
20
Let o(f) = f**2 + 12*f - 2. Give o(-11).
-13
Let z(g) = -2*g**3 - 47*g**2 - 19*g + 11. Determine z(-23).
-81
Let a(m) = 7*m**2 - 40*m - 3. Calculate a(6).
9
Let o(p) = -14*p - 162. Give o(-11).
-8
Let n(k) = -k - 2. Calculate n(8).
-10
Let o(q) = q**3 - 7*q**2 - q + 39. Determine o(6).
-3
Let l(n) = -n**2 + 7*n - 5. What is l(4)?
7
Let h(n) = n**2 - 13*n - 15. Determine h(14).
-1
Let z(m) = -6*m + 42. Give z(5).
12
Let d(f) = -3*f + 8. Give d(9).
-19
Let l(k) = k**3 + 8*k**2 - 2*k + 14. Determine l(-6).
98
Let k(q) = 4*q**2 - 28*q + 4. What is k(7)?
4
Let b(x) = -x**2 - 1. Determine b(-2).
-5
Let t(j) = 6*j + 57. What is t(-11)?
-9
Let z(t) = t**3 + 3*t**2 + 2*t - 1. Calculate z(-2).
-1
Let f(b) = 23*b**2 - 2*b + 1. What is f(1)?
22
Let l(o) = -7*o**3 + o**2 - 4*o - 2. What is l(-2)?
66
Let o(g) = -2*g**2 + 24*g + 32. What is o(13)?
6
Let b(s) = 13*s - 77. Calculate b(15).
118
Let t(y) = 3*y**3 + 48*y**2 + 46*y + 21. Calculate t(-15).
6
Let x(k) = -10*k**3 + k**2 - k - 8. What is x(-2)?
78
Let i(j) = -j**2 - 8*j - 5. Give i(-6).
7
Let q(a) = -a**3 - a**2 + a - 2. Determine q(-3).
13
Let g(i) = -2*i**3 + 11*i**2 + 5*i - 1. What is g(6)?
-7
Let q(g) = g - 21. Give q(23).
2
Let h(t) = -3*t**2 + 5*t - 3. Determine h(-2).
-25
Let m(y) = -y**2 - 11*y + 4. Calculate m(-7).
32
Let k(m) = m - 33. What is k(0)?
-33
Let d(b) = -b**3 - 8*b**2 + 24*b + 12. Calculate d(-11).
111
Let c(q) = q**3 + 5*q**2 - q + 13. Determine c(-4).
33
Let t(n) = -2*n**2 + 16*n - 2. Determine t(8).
-2
Let r(z) = 3*z**3 - 2*z**2 - 2*z. Give r(-1).
-3
Let u(b) = -5*b**2 - 5*b + 5. What is u(4)?
-95
Let g(f) = -2*f**2 + 7*f + 10. Give g(-4).
-50
Let m(s) = s**3 + 13*s**2 + 9*s - 65. Give m(-12).
-29
Let x(u) = u**3 + 6. What is x(-2)?
-2
Let k(q) = -7*q - 27. Determine k(-20).
113
Let c(z) = z**3 + 18*z**2 + 14*z - 51. Give c(-17).
0
Let z(u) = -3*u**2 - 25*u - 11. Give z(-8).
-3
Let s(x) = -x**2 - 21*x + 2. Calculate s(-19).
40
Let h(w) = -3*w + 8. Determine h(3).
-1
Let p(k) = -k**2 + 9*k + 11. Determine p(8).
19
Let f(s) = -4*s**2 - s + 2. What is f(2)?
-16
Let u(m) = m**3 - 3*m**2 + 4*m - 1. What is u(3)?
11
Let o(n) = 18*n**3 - n - 1. Calculate o(-1).
-18
Let f(w) = w + 8. What is f(-9)?
-1
Let h(x) = 3*x - 9. Calculate h(5).
6
Let l(k) = -k**2 + 23*k + 1514. Determine l(52).
6
Let b(i) = -2*i**3 + 2*i**2 + 3*i. Calculate b(-2).
18
Let u(q) = -q**3 - 8*q**2 + 48*q - 9. Determine u(-12).
-9
Let m(k) = k**3 + 17*k**2 + 43*k + 5. What is m(-14)?
-9
Let o(x) = x**3 - 2*x**2 - 2*x - 1. What is o(2)?
-5
Let i(m) = -2*m**2 + m - 1. Determine i(-3).
-22
Let p(c) = 4*c + 2. Give p(-2).
-6
Let k(u) = u**3 - 28*u**2 + 2. What is k(28)?
2
Let m(n) = n**3 + 36*n**2 + 33*n - 86. Give m(-35).
-16
Let q(c) = -c**3 - 15*c**2 + c + 22. Give q(-15).
7
Let l(d) = d**2 + 4*d - 1. Calculate l(2).
11
Let l(k) = -4*k + 9. What is l(5)?
-11
Let l(t) = -7*t**2 + 5*t - 10. Give l(3).
-58
Let i(n) = -n**2 + 3*n + 33. Give i(8).
-7
Let h(s